)*1*2. What is the greatest common divisor of 16 and c?
4
Let x = -29 - -77. Let u = -10 - -26. What is the greatest common factor of x and u?
16
Let x be -3 + 3/3 + 52. Calculate the greatest common divisor of x and 10.
10
Let p be ((-12)/(-2))/((-4)/((-528)/9)). Let l(b) = 3*b - 1. Let n be l(3). Calculate the greatest common divisor of n and p.
8
Suppose -z + 2*i - 1112 = 0, -5*i = 3*z + z + 4422. Let p be z/(-20) + 2/(-5). Calculate the highest common factor of p and 22.
11
Let d(w) = -w**2 + 2*w + 9. Let t be d(4). Let y be (4 - (t + 4))*-23. Calculate the greatest common divisor of y and 23.
23
Suppose 0 = 2*g - 7 + 3. Suppose 0 = -6*l + 113 - 29. What is the greatest common factor of l and g?
2
Let r(v) = 18*v**2 + 4*v. Let h be r(-2). Suppose 2 = -4*s + 6, -4*y = -2*s - 30. What is the greatest common divisor of y and h?
8
Let l(a) = a**3 - 7*a**2 - 7*a - 3. Let c be l(8). Let b(g) = g + 7. Let j be b(c). What is the highest common divisor of 6 and j?
6
Suppose -3*t + 7*t - 737 = -3*n, -4*t + 8 = 0. What is the greatest common factor of 27 and n?
27
Suppose -2*a - 78 = -h - h, -57 = -h - 5*a. Let g = -114 - -219. Calculate the greatest common factor of h and g.
21
Let t = 10 - -17. Suppose -3*f + 0*f + t = 0. Let q = 20 - f. What is the greatest common factor of 11 and q?
11
Let w(c) = -3 + 44*c**2 + 4 - 45*c**2 + 77*c**2. Let i be w(1). Calculate the highest common divisor of 7 and i.
7
Let o be (2 - 39/6)*(-20)/6. Calculate the highest common factor of 45 and o.
15
Let y(p) = p - 5. Let n be y(6). Let x = 7 + -3. What is the greatest common divisor of n and x?
1
Let u(z) = z**3 + 4*z**2 - 6*z - 3. Let k be u(-5). Let w(x) = -k*x - 26*x - 32*x. Let q be w(-1). What is the greatest common divisor of q and 20?
20
Let d = 235 - 143. What is the greatest common divisor of 230 and d?
46
Suppose 0 = d - 4*c + 329, d - 5*c = -2*c - 325. Let y = -203 - d. Calculate the greatest common factor of 10 and y.
10
Suppose 4*g - 9 = 3*g. Suppose -30 + 116 = -2*i. Let v = i + 124. Calculate the highest common factor of v and g.
9
Let v = -5 - -3. Let g be 3 + (v + 0 - -1). What is the highest common factor of g and 2?
2
Let l(o) = -8*o. Let r be l(-2). Suppose q - 3*i = 8, q = 5*i - 0*i + r. Let j be ((-15)/(-6))/((-2)/q). What is the highest common factor of j and 5?
5
Let c = -47 - -68. What is the greatest common factor of c and 189?
21
Let b be 8/(-6)*(-21)/2. Let t(k) = -4*k + 2. Let x be t(-3). Calculate the greatest common divisor of b and x.
14
Let l = 186 + -126. Let d = -7 - -19. Calculate the greatest common divisor of l and d.
12
Suppose -4*m - 2*d + 14 = 0, -2*m + 3*m = 3*d + 7. Calculate the greatest common factor of m and 2.
2
Let i = 6 - 3. Suppose -i = -4*v + 3*v. Calculate the highest common factor of 30 and v.
3
Suppose -22*m + 14*m + 48 = 0. Suppose 3*c - 5*b = 187, 3*b + 2*b = 5*c - 295. What is the highest common factor of c and m?
6
Let m = 15 + -5. What is the highest common divisor of m and 70?
10
Let d = 26 - 12. Calculate the highest common divisor of 14 and d.
14
Let i(w) = w + 4. Let j be i(8). Let f(y) = -6 - 7*y**2 + 0*y + 0*y + 2*y**3 + 3*y. Let x be f(5). What is the greatest common factor of x and j?
12
Suppose -4*q + 18 = 6. Suppose q*l - 17 = 10. Calculate the greatest common factor of l and 1.
1
Let p be 2/8 - (-11)/4. Let s be 1/2 + 3/(-6). Let x = p - s. What is the highest common divisor of 9 and x?
3
Let g(r) = 29*r + 4. Let n be 5/1*1 + -2. Let h be g(n). Calculate the greatest common factor of 13 and h.
13
Let t = 8 - -17. What is the highest common divisor of t and 100?
25
Let o(t) = t**2 - 3*t - 4. Let r = 4 + 2. Let z be o(r). Let g = 36 - -118. Calculate the highest common factor of g and z.
14
Suppose -4*i + 3*g + 226 = g, -217 = -4*i + 5*g. Calculate the greatest common divisor of i and 87.
29
Let k = 18 + -40. Let p be (-4 - k)/(-1 - -3). Let s be (3/6)/((-2)/(-72)). What is the highest common factor of s and p?
9
Let i be -1 - -6*67/2. Calculate the highest common divisor of 25 and i.
25
Let z be 45/2 + (-5 - (-55)/10). Calculate the highest common factor of 161 and z.
23
Let s(x) = -3*x**3. Let p be s(-2). What is the greatest common divisor of 60 and p?
12
Suppose 0*r + 2*k + 18 = r, 0 = -3*r - 4*k + 14. Calculate the highest common factor of r and 10.
10
Suppose -3*l + 2*d + 0 + 9 = 0, 3*l - 4*d - 3 = 0. Suppose -l*n = -0*n. Suppose n = -a - 0*a + 70. Calculate the highest common divisor of 28 and a.
14
Let c = 122 + -106. Suppose -3*o = -5*l - 389, 0*l + 511 = 4*o + l. What is the highest common factor of c and o?
16
Suppose 24*g - 30*g + 84 = 0. What is the greatest common divisor of g and 21?
7
Let j be (2 - 4) + 19/1. Let c = j + 3. What is the highest common divisor of 8 and c?
4
Suppose -2*j + 3 + 1 = 0. Suppose -5 = j*p + 3. Let s(l) = -17*l - 2. Let r be s(p). Calculate the highest common factor of r and 6.
6
Suppose 2*t - 60 = -t. Calculate the greatest common factor of 8 and t.
4
Let t be (-2)/(-3)*18/12. What is the greatest common factor of t and 13?
1
Let c = -59 - -83. Let z = -8 + 16. What is the highest common divisor of z and c?
8
Let t be (2 - -30)/((-6)/(-15)). What is the highest common divisor of 10 and t?
10
Let j(f) = -f**3 - 2*f**2 + 15*f + 8. Let a be j(-5). Calculate the greatest common factor of 152 and a.
8
Suppose 2*s + 164 = 6*s. Calculate the highest common divisor of 205 and s.
41
Let w(d) = 30*d**3 + d**2 - 4*d + 3. Let s be w(1). Calculate the highest common factor of s and 6.
6
Suppose 3*v - 2*p = v + 18, 5*p - 11 = -3*v. What is the greatest common factor of v and 1?
1
Let a = 2 + 1. Suppose 8*v - 3*v - 22 = -a*p, -3*v - 39 = -4*p. What is the highest common factor of p and 45?
9
Let u = 9 - 3. Let a = 1 + u. What is the greatest common factor of 28 and a?
7
Let a be (56/10 - 6)*(-4 + -1). Suppose -4*k - m + 4 = -2*m, 2*k - m = 2. Suppose k - 17 = -a*v. Calculate the highest common divisor of 40 and v.
8
Let y = 45 + -24. Suppose 5*s = 2*s + 2*t + 42, -2*s = t - y. Calculate the greatest common factor of s and 12.
12
Let d be 24/16*92/3. Calculate the highest common factor of d and 115.
23
Let s(q) = q**2 - 10*q - 12. Let m be s(-8). Calculate the highest common factor of 12 and m.
12
Let k = 2 - 2. Let n be -3 + 8 - (0 - k). Suppose -4*r = -5*y + 120, -4*y + 0*r = -5*r - 105. Calculate the highest common factor of y and n.
5
Suppose 2*v = 6*v - 32. What is the greatest common divisor of 4 and v?
4
Let f be (-8)/(-28) - 180/(-7). Let n = f - 22. What is the greatest common divisor of 28 and n?
4
Let n(w) = 6*w**2 + 4*w - 4. Let l be n(-4). Let h = l + -40. Calculate the highest common factor of 90 and h.
18
Let v = -38 - -47. Calculate the highest common factor of v and 45.
9
Suppose 4*s - 120 = 2*u, -2*u = s - 40 + 10. Calculate the highest common factor of s and 20.
10
Let x(r) = -r + 1. Let f be (-3)/(-6)*(-16)/(-1). Let p be x(f). Let i = 16 + p. Calculate the highest common divisor of i and 9.
9
Let h be (-5 - 4) + 0/(-1). Let g be (4 + (-9)/3)*-3. Let q be 6/h - 101/g. What is the highest common factor of 11 and q?
11
Suppose 5*t = -3*t + 1000. Calculate the greatest common factor of 25 and t.
25
Suppose 39 = 4*f + 4*s - 829, 3*s + 229 = f. What is the greatest common divisor of f and 11?
11
Let x(a) = 3*a - 4. Let f be x(5). Suppose 0*p + p = f. Let l = -66 - -110. Calculate the highest common divisor of l and p.
11
Let r = 5 + 1. Suppose 4*z + 28 = l, 2*l + z - 68 = r. Suppose -7 = 2*x - 31. Calculate the greatest common divisor of l and x.
12
Suppose -3 = -a - 40. Let y = a - -53. Let h(l) = -l**3 - l**2 + 7*l + 6. Let v be h(-6). What is the highest common factor of v and y?
16
Let f(z) = -58*z - 7. Let n be f(-5). Let o = 8 + n. Let b = -206 + o. Calculate the greatest common divisor of b and 17.
17
Suppose 0 = -4*g + 52. Suppose 5*z = -3*u + 27, 2*z + g = z + 4*u. Suppose z*k + 3 = 0, -2*v + 7*v - 382 = -3*k. What is the highest common divisor of v and 7?
7
Let k be -3*(656/6)/(-4). Let g be 10/(-15) - k/(-6). Suppose 0 = 5*o + 6 - 71. Calculate the highest common factor of o and g.
13
Let y = 5 + 0. Let n(s) = -4*s + 5*s - 4*s**2 + y*s**2. Let v be n(-5). What is the highest common factor of v and 8?
4
Let w = -20 + 52. Let c = 22 - w. Let n be 